{"id":417,"date":"2020-09-15T06:48:15","date_gmt":"2020-09-15T06:48:15","guid":{"rendered":"http:\/\/swansea-informatica.es\/index.php\/home-2\/"},"modified":"2025-12-30T13:32:33","modified_gmt":"2025-12-30T12:32:33","slug":"home-2","status":"publish","type":"page","link":"https:\/\/swansea-informatica.es\/","title":{"rendered":"Swansea Informatica"},"content":{"rendered":"\n<div class=\"wp-block-uagb-container uagb-block-fcc3edf8 alignfull uagb-is-root-container\"><div class=\"uagb-container-inner-blocks-wrap\">\n<div class=\"wp-block-uagb-container uagb-block-ad0481f5\">\n<div class=\"wp-block-uagb-container uagb-block-3f0bf9e7\">\n<h1 class=\"wp-block-heading\">Consultor\u00eda tecnol\u00f3gica con valores de consultor<\/h1>\n\n\n\n<h2 class=\"wp-block-heading\">En Swansea gestionamos proyectos SAP, Odoo e infraestructura t\u00e9cnica con la honestidad que dan 30 a\u00f1os de experiencia. Sin letras peque\u00f1as, con m\u00e1rgenes justos y un compromiso total con las personas<\/h2>\n\n\n\n<div class=\"wp-block-uagb-call-to-action uagb-block-eeae0804\"><div class=\"uagb-cta__wrap\"><h3 class=\"uagb-cta__title\">Soy una empresa \/ necesito consultor\u00eda<\/h3><p class=\"uagb-cta__desc\">Mandanos un mensaje con tus datos de contacto y nos pondremos en contacto<\/p><\/div><div class=\"uagb-cta__buttons\"><a href=\"mailto:comercial@swansea-informatica.es\" class=\"uagb-cta__button-link-wrapper\" target=\"_self\" rel=\"noopener noreferrer\">comercial@swansea-informatica.es<svg xmlns=\"https:\/\/www.w3.org\/2000\/svg\" viewBox=\"0 0 512 512\"><path d=\"M464 64C490.5 64 512 85.49 512 112C512 127.1 504.9 141.3 492.8 150.4L275.2 313.6C263.8 322.1 248.2 322.1 236.8 313.6L19.2 150.4C7.113 141.3 0 127.1 0 112C0 85.49 21.49 64 48 64H464zM217.6 339.2C240.4 356.3 271.6 356.3 294.4 339.2L512 176V384C512 419.3 483.3 448 448 448H64C28.65 448 0 419.3 0 384V176L217.6 339.2z\"><\/path><\/svg><\/a><\/div><\/div>\n\n\n\n<div class=\"wp-block-uagb-call-to-action uagb-block-ccd24da5\"><div class=\"uagb-cta__wrap\"><h3 class=\"uagb-cta__title\">Soy consultor \/ busco colaborar<\/h3><p class=\"uagb-cta__desc\">Puedes consultar nuestra secci\u00f3n <a href=\"https:\/\/swansea-informatica.es\/index.php\/trabaja-con-nosotros\/\" data-type=\"page\" data-id=\"576\">trabaja-con-nosotros<\/a>  o mandanos un mensaje haciendo click en el bot\u00f3n con tus datos de contacto y tu CV  y nos pondremos en contacto<\/p><\/div><div class=\"uagb-cta__buttons\"><a href=\"mailto:rrhh@swansea-informatica.es\" class=\"uagb-cta__button-link-wrapper\" target=\"_self\" rel=\"noopener noreferrer\">rrhh@swansea-informatica.es<svg xmlns=\"https:\/\/www.w3.org\/2000\/svg\" viewBox=\"0 0 512 512\"><path d=\"M464 64C490.5 64 512 85.49 512 112C512 127.1 504.9 141.3 492.8 150.4L275.2 313.6C263.8 322.1 248.2 322.1 236.8 313.6L19.2 150.4C7.113 141.3 0 127.1 0 112C0 85.49 21.49 64 48 64H464zM217.6 339.2C240.4 356.3 271.6 356.3 294.4 339.2L512 176V384C512 419.3 483.3 448 448 448H64C28.65 448 0 419.3 0 384V176L217.6 339.2z\"><\/path><\/svg><\/a><\/div><\/div>\n\n\n\n<div class=\"wp-block-uagb-separator uagb-block-970c5828\"><div class=\"wp-block-uagb-separator__inner\" style=\"--my-background-image:\"><\/div><\/div>\n\n\n\n<h2 class=\"wp-block-heading\">El Manifiesto Swansea<\/h2>\n\n\n\n<h3 class=\"wp-block-heading\">Por qu\u00e9 trabajar con nosotros<\/h3>\n\n\n\n<ul class=\"wp-block-list\">\n<li><strong>Pago r\u00e1pido de facturas:<\/strong> Respetamos el flujo de caja de nuestros colaboradores; si el trabajo est\u00e1 hecho, se paga sin demoras.<\/li>\n\n\n\n<li><strong>\u00c9tica de red:<\/strong> Nunca llamamos a tus referencias ni a tus contactos de LinkedIn para venderles nada. Tu red es tu activo y nosotros la respetamos.<\/li>\n\n\n\n<li><strong>Margen justo:<\/strong> Aplicamos una pol\u00edtica de precios transparente y equilibrada. No buscamos el beneficio a corto plazo, sino la relaci\u00f3n duradera.<\/li>\n\n\n\n<li><strong>Sin contra-ofertas:<\/strong> Si decides cambiar de proyecto, respetamos tu decisi\u00f3n profesional sin presiones de \u00faltima hora.<\/li>\n<\/ul>\n\n\n\n<div class=\"wp-block-uagb-separator uagb-block-e4614e39\"><div class=\"wp-block-uagb-separator__inner\" style=\"--my-background-image:\"><\/div><\/div>\n\n\n\n<h2 class=\"wp-block-heading\">Servicios: Soluciones Bajo Demanda<\/h2>\n\n\n\n<ul class=\"wp-block-list\">\n<li><strong>Consultor\u00eda Senior (SAP &amp; Odoo):<\/strong> Direcci\u00f3n de proyectos, migraciones a S\/4HANA y optimizaci\u00f3n de procesos.<\/li>\n\n\n\n<li><strong>Suministro Estrat\u00e9gico:<\/strong> Equipamiento hardware y licencias bajo pedido directo. Sin stock obsoleto, siempre la \u00faltima tecnolog\u00eda disponible en el mercado.<\/li>\n\n\n\n<li><strong>Equipos a Medida:<\/strong> Contamos con una red seleccionada de consultores freelance expertos para configurar el equipo exacto que tu proyecto requiere.<\/li>\n<\/ul>\n\n\n\n<div class=\"wp-block-uagb-separator uagb-block-757dc2ff\"><div class=\"wp-block-uagb-separator__inner\" style=\"--my-background-image:\"><\/div><\/div>\n\n\n\n<p><\/p>\n\n\n\n<h2 class=\"wp-block-heading\">\u00danete a la Red<\/h2>\n<\/div>\n<\/div>\n\n\n\n<div class=\"wp-block-uagb-call-to-action uagb-block-16103f7f\"><div class=\"uagb-cta__wrap\"><h3 class=\"uagb-cta__title\">\u00bfEres consultor freelance? Aqu\u00ed se te respeta.<\/h3><p class=\"uagb-cta__desc\">Puedes consultar nuestra secci\u00f3n <a href=\"https:\/\/swansea-informatica.es\/index.php\/trabaja-con-nosotros\/\" data-type=\"page\" data-id=\"576\">trabaja-con-nosotros<\/a>  o mandanos un mensaje haciendo click en el bot\u00f3n con tus datos de contacto y tu CV  y nos pondremos en contacto<\/p><\/div><div class=\"uagb-cta__buttons\"><a href=\"mailto:rrhh@swansea-informatica.es\" class=\"uagb-cta__button-link-wrapper\" target=\"_self\" rel=\"noopener noreferrer\">rrhh@swansea-informatica.es<svg xmlns=\"https:\/\/www.w3.org\/2000\/svg\" viewBox=\"0 0 512 512\"><path d=\"M464 64C490.5 64 512 85.49 512 112C512 127.1 504.9 141.3 492.8 150.4L275.2 313.6C263.8 322.1 248.2 322.1 236.8 313.6L19.2 150.4C7.113 141.3 0 127.1 0 112C0 85.49 21.49 64 48 64H464zM217.6 339.2C240.4 356.3 271.6 356.3 294.4 339.2L512 176V384C512 419.3 483.3 448 448 448H64C28.65 448 0 419.3 0 384V176L217.6 339.2z\"><\/path><\/svg><\/a><\/div><\/div>\n\n\n\n<p data-wp-context---core-fit-text=\"core\/fit-text::{&quot;fontSize&quot;:&quot;&quot;}\" data-wp-init---core-fit-text=\"core\/fit-text::callbacks.init\" data-wp-interactive data-wp-style--font-size=\"core\/fit-text::context.fontSize\" class=\"has-fit-text\">Si est\u00e1s cansado de m\u00e1rgenes opacos y de que utilicen tus referencias para acosar a tus antiguos jefes de proyecto, Swansea es tu sitio. Buscamos perfiles Senior de todos los m\u00f3dulos SAP<\/p>\n\n\n\n<div class=\"wp-block-uagb-separator uagb-block-6e5ee322\"><div class=\"wp-block-uagb-separator__inner\" style=\"--my-background-image:\"><\/div><\/div>\n\n\n\n<ul class=\"wp-block-list\"><\/ul>\n<\/div><\/div>\n\n\n\n<div class=\"wp-block-uagb-container uagb-block-863293bf alignfull uagb-is-root-container\"><div class=\"uagb-container-inner-blocks-wrap\">\n<div class=\"wp-block-uagb-container uagb-block-e8a3ca96\"><\/div>\n\n\n\n<div class=\"wp-block-uagb-container uagb-block-f698cd00\"><\/div>\n\n\n\n<div class=\"wp-block-uagb-container uagb-block-91821b99\"><\/div>\n<\/div><\/div>\n\n\n\n<p><\/p>\n","protected":false},"excerpt":{"rendered":"<p>Consultor\u00eda tecnol\u00f3gica con valores de consultor En Swansea gestionamos proyectos SAP, Odoo e infraestructura t\u00e9cnica con la honestidad que dan 30 a\u00f1os de experiencia. Sin letras peque\u00f1as, con m\u00e1rgenes justos y un compromiso total con las personas El Manifiesto Swansea Por qu\u00e9 trabajar con nosotros Servicios: Soluciones Bajo Demanda \u00danete a la Red Si est\u00e1s [&hellip;]<\/p>\n","protected":false},"author":1,"featured_media":354,"parent":0,"menu_order":0,"comment_status":"closed","ping_status":"closed","template":"","meta":{"_uag_custom_page_level_css":"","site-sidebar-layout":"no-sidebar","site-content-layout":"plain-container","ast-site-content-layout":"normal-width-container","site-content-style":"unboxed","site-sidebar-style":"unboxed","ast-global-header-display":"","ast-banner-title-visibility":"","ast-main-header-display":"","ast-hfb-above-header-display":"","ast-hfb-below-header-display":"","ast-hfb-mobile-header-display":"","site-post-title":"disabled","ast-breadcrumbs-content":"","ast-featured-img":"","footer-sml-layout":"","ast-disable-related-posts":"","theme-transparent-header-meta":"enabled","adv-header-id-meta":"","stick-header-meta":"","header-above-stick-meta":"","header-main-stick-meta":"","header-below-stick-meta":"","astra-migrate-meta-layouts":"set","ast-page-background-enabled":"default","ast-page-background-meta":{"desktop":{"background-color":"","background-image":"","background-repeat":"repeat","background-position":"center center","background-size":"auto","background-attachment":"scroll","background-type":"","background-media":"","overlay-type":"","overlay-color":"","overlay-opacity":"","overlay-gradient":""},"tablet":{"background-color":"","background-image":"","background-repeat":"repeat","background-position":"center center","background-size":"auto","background-attachment":"scroll","background-type":"","background-media":"","overlay-type":"","overlay-color":"","overlay-opacity":"","overlay-gradient":""},"mobile":{"background-color":"","background-image":"","background-repeat":"repeat","background-position":"center center","background-size":"auto","background-attachment":"scroll","background-type":"","background-media":"","overlay-type":"","overlay-color":"","overlay-opacity":"","overlay-gradient":""}},"ast-content-background-meta":{"desktop":{"background-color":"var(--ast-global-color-5)","background-image":"","background-repeat":"repeat","background-position":"center center","background-size":"auto","background-attachment":"scroll","background-type":"","background-media":"","overlay-type":"","overlay-color":"","overlay-opacity":"","overlay-gradient":""},"tablet":{"background-color":"var(--ast-global-color-5)","background-image":"","background-repeat":"repeat","background-position":"center center","background-size":"auto","background-attachment":"scroll","background-type":"","background-media":"","overlay-type":"","overlay-color":"","overlay-opacity":"","overlay-gradient":""},"mobile":{"background-color":"var(--ast-global-color-5)","background-image":"","background-repeat":"repeat","background-position":"center center","background-size":"auto","background-attachment":"scroll","background-type":"","background-media":"","overlay-type":"","overlay-color":"","overlay-opacity":"","overlay-gradient":""}},"footnotes":""},"class_list":["post-417","page","type-page","status-publish","has-post-thumbnail","hentry"],"uagb_featured_image_src":{"full":["https:\/\/swansea-informatica.es\/wp-content\/uploads\/2023\/09\/office-meeting-table-with-laptops-e1695066516768.jpg",756,620,false],"thumbnail":["https:\/\/swansea-informatica.es\/wp-content\/uploads\/2023\/09\/office-meeting-table-with-laptops-e1695066516768-150x150.jpg",150,150,true],"medium":["https:\/\/swansea-informatica.es\/wp-content\/uploads\/2023\/09\/office-meeting-table-with-laptops-e1695066516768-300x246.jpg",300,246,true],"medium_large":["https:\/\/swansea-informatica.es\/wp-content\/uploads\/2023\/09\/office-meeting-table-with-laptops-e1695066516768.jpg",756,620,false],"large":["https:\/\/swansea-informatica.es\/wp-content\/uploads\/2023\/09\/office-meeting-table-with-laptops-683x1024.jpg",683,1024,true],"1536x1536":["https:\/\/swansea-informatica.es\/wp-content\/uploads\/2023\/09\/office-meeting-table-with-laptops-e1695066516768.jpg",756,620,false],"2048x2048":["https:\/\/swansea-informatica.es\/wp-content\/uploads\/2023\/09\/office-meeting-table-with-laptops-e1695066516768.jpg",756,620,false]},"uagb_author_info":{"display_name":"javier.garcia.somolinos","author_link":"https:\/\/swansea-informatica.es\/index.php\/author\/javier-garcia-somolinos\/"},"uagb_comment_info":0,"uagb_excerpt":"Consultor\u00eda tecnol\u00f3gica con valores de consultor En Swansea gestionamos proyectos SAP, Odoo e infraestructura t\u00e9cnica con la honestidad que dan 30 a\u00f1os de experiencia. Sin letras peque\u00f1as, con m\u00e1rgenes justos y un compromiso total con las personas El Manifiesto Swansea Por qu\u00e9 trabajar con nosotros Servicios: Soluciones Bajo Demanda \u00danete a la Red Si est\u00e1s&hellip;","_links":{"self":[{"href":"https:\/\/swansea-informatica.es\/index.php\/wp-json\/wp\/v2\/pages\/417","targetHints":{"allow":["GET"]}}],"collection":[{"href":"https:\/\/swansea-informatica.es\/index.php\/wp-json\/wp\/v2\/pages"}],"about":[{"href":"https:\/\/swansea-informatica.es\/index.php\/wp-json\/wp\/v2\/types\/page"}],"author":[{"embeddable":true,"href":"https:\/\/swansea-informatica.es\/index.php\/wp-json\/wp\/v2\/users\/1"}],"replies":[{"embeddable":true,"href":"https:\/\/swansea-informatica.es\/index.php\/wp-json\/wp\/v2\/comments?post=417"}],"version-history":[{"count":15,"href":"https:\/\/swansea-informatica.es\/index.php\/wp-json\/wp\/v2\/pages\/417\/revisions"}],"predecessor-version":[{"id":602,"href":"https:\/\/swansea-informatica.es\/index.php\/wp-json\/wp\/v2\/pages\/417\/revisions\/602"}],"wp:featuredmedia":[{"embeddable":true,"href":"https:\/\/swansea-informatica.es\/index.php\/wp-json\/wp\/v2\/media\/354"}],"wp:attachment":[{"href":"https:\/\/swansea-informatica.es\/index.php\/wp-json\/wp\/v2\/media?parent=417"}],"curies":[{"name":"wp","href":"https:\/\/api.w.org\/{rel}","templated":true}]}}